851 a composite number?
True
Is 112787 prime?
True
Is 95603 a composite number?
False
Is 132019 a composite number?
False
Is 1110679 composite?
False
Is 21857 prime?
False
Is 6941 composite?
True
Is 99205 prime?
False
Is 1948209 a prime number?
False
Is 1057 a composite number?
True
Is 139727 prime?
False
Is 542081 a composite number?
False
Is 351887 a prime number?
True
Is 20047 a prime number?
True
Is 5167 composite?
False
Is 29723 composite?
False
Is 97181 composite?
True
Is 33482 prime?
False
Is 9733 a composite number?
False
Is 9481 prime?
False
Is 31139 a prime number?
True
Is 490627 a prime number?
True
Is 1993691 prime?
False
Is 207589 prime?
True
Is 365923 composite?
True
Is 79955 composite?
True
Is 95869 a prime number?
True
Is 29717 a composite number?
False
Is 5167 a composite number?
False
Is 27763 a composite number?
False
Is 3907 a composite number?
False
Is 90329 a composite number?
True
Is 32831 a composite number?
False
Is 21711 a composite number?
True
Is 1265673 a composite number?
True
Is 123787 prime?
True
Is 181361 prime?
True
Is 68767 a composite number?
False
Is 12131 composite?
True
Is 1730129 prime?
False
Is 42433 a composite number?
False
Is 2183 a prime number?
False
Is 1080497 a composite number?
True
Is 62273 a composite number?
False
Is 343997 composite?
False
Is 32753 a composite number?
True
Is 227251 prime?
True
Is 400105 a composite number?
True
Is 2371 composite?
False
Is 831799 a prime number?
True
Is 4213 prime?
False
Is 458943 composite?
True
Is 2415997 composite?
False
Is 14519 composite?
False
Is 56629 a prime number?
True
Is 194113 a composite number?
False
Is 168443 a prime number?
False
Is 40993 a composite number?
False
Is 629803 a prime number?
True
Is 425003 prime?
True
Is 2901 composite?
True
Is 26471 a composite number?
True
Is 1273 composite?
True
Is 3163 prime?
True
Is 30145 a prime number?
False
Is 44771 prime?
True
Is 3427 prime?
False
Is 336793 prime?
True
Is 70739 a prime number?
False
Is 341195 a prime number?
False
Is 1137661 composite?
True
Is 17783 prime?
True
Is 656917 a composite number?
False
Is 1597 a composite number?
False
Is 113927 a composite number?
True
Is 403241 prime?
True
Is 1657 a composite number?
False
Is 351921 composite?
True
Is 36773 a prime number?
False
Is 10799 a prime number?
True
Is 185 a prime number?
False
Is 144659 composite?
False
Is 139 composite?
False
Is 48353 a composite number?
False
Is 27179 composite?
False
Is 92297 prime?
True
Is 1277 a composite number?
False
Is 273115 a composite number?
True
Is 237085 prime?
False
Is 402199 a composite number?
True
Is 389 prime?
True
Is 157 prime?
True
Is 81407 composite?
True
Is 2134283 composite?
False
Is 73517 prime?
True
Is 107405 composite?
True
Is 218917 a prime number?
False
Is 3907 a prime number?
True
Is 78569 a prime number?
True
Is 1361 a prime number?
True
Is 84991 a prime number?
True
Is 1949 a composite number?
False
Is 1259 prime?
True
Is 16594 composite?
True
Is 96742 composite?
True
Is 7901 prime?
True
Is 610157 composite?
False
Is 12587 composite?
True
Is 333097 a prime number?
True
Is 6529 prime?
True
Is 1363 a composite number?
True
Is 138691 prime?
False
Is 308287 a prime number?
False
Is 7841 composite?
False
Is 18951 composite?
True
Is 8751 prime?
False
Is 145703 prime?
True
Is 89637 composite?
True
Is 1843 a prime number?
False
Is 111751 a composite number?
False
Is 32411 composite?
False
Is 913139 prime?
True
Is 13873 a prime number?
True
Is 382 a composite number?
True
Is 50891 prime?
True
Is 723017 composite?
True
Is 10993 prime?
True
Is 1693 a composite number?
False
Is 90523 prime?
True
Is 1115 a composite number?
True
Is 83047 composite?
False
Is 1062013 composite?
False
Is 76333 a prime number?
True
Is 21647 prime?
True
Is 74057 a prime number?
False
Is 355 a prime number?
False
Is 697843 a composite number?
True
Is 938563 a composite number?
False
Is 240209 composite?
False
Is 15541 prime?
True
Is 2035595 a composite number?
True
Is 16411 a prime number?
True
Is 29737 prime?
False
Is 80887 prime?
False
Is 82003 composite?
False
Is 11467 prime?
True
Is 56489 prime?
True
Is 16285 composite?
True
Is 13745 prime?
False
Is 277021 prime?
True
Is 121697 composite?
False
Is 1138793 composite?
False
Is 144273 prime?
False
Is 127 prime?
True
Is 15641 a composite number?
False
Is 1361 a composite number?
False
Is 806969 prime?
False
Is 154319 composite?
True
Is 9937 a prime number?
False
Is 2053 a composite number?
False
Is 25103 prime?
False
Is 12785 composite?
True
Is 336739 a prime number?
False
Is 83999 a composite number?
True
Is 1516079 a prime number?
False
Is 21485 prime?
False
Is 115655 prime?
False
Is 96847 prime?
True
Is 4572829 a prime number?
True
Is 450427 a composite number?
True
Is 11311 a composite number?
False
Is 649 a prime number?
False
Is 2701 a composite number?
True
Is 9767 prime?
True
Is 296809 a composite number?
True
Is 1793 a composite number?
True
Is 177005 prime?
False
Is 401686 a composite number?
True
Is 17707 a prime number?
True
Is 95695 prime?
False
Is 195785 a prime number?
False
Is 2326 a prime number?
False
Is 10007 composite?
False
Is 4561 prime?
True
Is 1829973 a composite number?
True
Is 88721 composite?
False
Is 311533 a prime number?
True
Is 99853 composite?
True
Is 2963 composite?
False
Is 539219 a composite number?
False
Is 119549 prime?
True
Is 33247 a composite number?
False
Is 26029 composite?
False
Is 2591 composite?
False
Is 126778 prime?
False
Is 2063233 a prime number?
False
Is 293666 prime?
False
Is 506609 a prime number?
True
Is 48179 a prime number?
True
Is 1491157 a composite number?
False
Is 10042 composite?
True
Is 6431 composite?
True
Is 6607 composite?
False
Is 407899 composite?
False
Is 6521 prime?
True
Is 457 composite?
False
Is 8887 a composite number?
False
Is 739433 a prime number?
True
Is 30183 composite?
True
Is 102887 a prime number?
False
Is 328885 prime?
False
Is 2899 prime?
False
Is 1657 composite?
False
Is 8605 composite?
True
Is 27905 prime?
False
Is 734 a prime number?
False
Is 10477 composite?
False
Is 50027 a composite number?
True
Is 2221 prime?
True
Is 14591 a prime number?
True
Is 57185 a prime number?
False
Is 46711 composite?
True
Is 57719 a prime number?
True
Is 889 composite?
True
Is 11345 composite?
True
Is 30967 a prime number?
False
Is 40609 a composite number?
False
Is 15559 a prime number?
True
Is 2407399 a prime number?
True
Is 111409 a composite number?
False
Is 4177 a composite number?
False
Is 513509 composite?
False
Is 281053 composite?
False
Is 5669 a prime number?
True
Is 292003 composite?
True
Is 7934 prime?
False
Is 3053 a prime number?
False
Is 977 a composite number?
False
Is 100483 a prime number?
True
Is 68869 a prime number?
False
Is 283867 composite?
True
Is 3274 composite?
True
Is 13483 a prime number?
False
Is 1048703 a composite number?
False
Is 30813 a prime number?
False
Is 63463 a prime number?
True
Is 7349 prime?
True
Is 573 prime?
False
Is 71707 a prime number?
True
Is 1648463 a prime number?
False
Is 653 prime?
True
Is 469351 composite?
False
Is 35099 a prime number?
True
Is 3239 prime?
False
Is 40159 composite?
True
Is 6557 prime?
False
Is 1096573 composite?
True
Is 742507 a composite number?
False
Is 919 prime?
True
Is 389927 a composite number?
False
Is 17431 a prime number?
True
Is 641 a composite number?
False
Is 132017 a prime number?
False
Is 6389 composite?
False
Is 263641 prime?
False
Is 49729 composite?
True
Is 135701 prime?
True
Is 240571 prime?
True
Is 22767 a composite number?
True
Is 6341 a composite number?
True
Is 838 prime?
False
Is 1922497 composite?
True
Is 153133 a prime number?
True
Is 77191 prime?
True
Is 5839 prime?
True
Is 16129 a prime number?
False
Is 853 a composite number?
False
Is 1220063 composite?
True
Is 3713 composite?
True
Is 90437 a composite number?
False
Is 497929 a composite number?
False
Is 1561 a prime number?
False
Is 1160479 composite?
False
Is 269153 a prime number?
False
Is 26759 composite?
False
Is 260269 a composite number?
False
Is 13057 composite?
True
Is 15817 prime?
True
Is 1505657 a prime number?
True
Is 15859 a composite number?
False
Is 21551 a composite number?
True
Is 3197497 composite?
False
Is 141761 a composite number?
F